f = 4*z, 16 = -4*z. List the prime factors of w.
2, 13
Let z(w) = 24*w**2 + 7*w + 1. List the prime factors of z(5).
2, 3, 53
Let b(w) = -7*w + 7. Let j be b(-11). Suppose -268 = -4*d - g, 0 = -d - 3*g + 7*g + j. List the prime factors of d.
2, 17
Suppose 2*g - 203 = -4*v - 65, 5*g - 3*v - 410 = 0. What are the prime factors of g?
79
Let m be (7 + -1)/(4/(-46)). Let l = -9 - m. List the prime factors of l.
2, 3, 5
Let u(z) = 0*z**2 + 1 + 11*z**2 - z + 12*z**2 - 5*z**2. List the prime factors of u(2).
71
Suppose 2*f = 5*f - 15. Suppose f*h + 24 = r, 0 = -3*h - 3 - 9. Suppose 0 = -3*v + 7*v + 5*p - 103, -v - r*p = -34. What are the prime factors of v?
2, 11
Let j = -70 - -27. Let o = -60 - j. Let y = o + 24. What are the prime factors of y?
7
Suppose 5*l + 536 + 319 = 5*d, 4*d + l = 689. What are the prime factors of -5 - (-4 - (-1 + d))?
2, 5, 17
Suppose -10 + 27 = -j. Let o = -14 - j. List the prime factors of (75/9)/(1/o).
5
Suppose -u = 3*m + 142, -m + 2*u - 30 = -2*u. Let z = m + 135. What are the prime factors of z?
89
Let f(g) = 6*g - 2. Let o be f(5). Let k = -2 - -10. Let y = o - k. What are the prime factors of y?
2, 5
Let t = 103 + -63. Suppose -4*x + 5*r - 6 = -t, 0 = 3*x - 2*r - 29. List the prime factors of x.
11
Suppose -1 = -q - 2. Let t be ((-14)/(-3))/(q/(-6)). What are the prime factors of (-9)/(-2)*t/6?
3, 7
Let x = 47 - 43. Suppose 2*o + 417 = 3*z, -x*o + 45 - 174 = -z. List the prime factors of z.
3, 47
Let d = 6 - 6. Suppose d = -2*r - 0 + 8. Suppose 3*q - 4*s = 20, -4 = q - r*s - 0. What are the prime factors of q?
2, 3
What are the prime factors of ((-39)/(-65))/((-9)/(-30)) - -3291?
37, 89
Let p be (1/(-1))/((-2056)/685 - -3). Suppose -16*w = -21*w + p. What are the prime factors of w?
137
Suppose a + 0*a - 20 = -4*d, -3*a + 84 = 4*d. Let n(y) = a - 2*y + 5*y - 4*y - 1. What are the prime factors of n(0)?
31
Let x = -170 - -1171. What are the prime factors of x?
7, 11, 13
Let c be ((-2)/(-8) - 1) + (-27237)/84. Let w = -161 - c. What are the prime factors of w?
2, 41
Let c be 3*7 - (-4 + 4 + 3). Suppose 0 = -c*v + 19*v - 52. List the prime factors of v.
2, 13
Let o = 14 + -6. Let p(x) = 3 - 5*x + 0 + o*x - x**3 - 2*x**2 + 0*x**2. List the prime factors of p(-3).
3
Suppose -j + 0 = -s + 2, j + 2*s = 13. Suppose 5*u = 5*v - 440, -j*u - 240 = -3*v - 6*u. What are the prime factors of v?
2, 3, 7
Suppose -4*f + 1824 = 4*g, -f + 1851 = 3*f - 5*g. List the prime factors of f.
3, 17
Let k(i) = 217*i + 105. What are the prime factors of k(5)?
2, 5, 7, 17
Let b(c) = c**2 - c - 2. Let z be b(2). Suppose z*l - 2*l = -6. Suppose -r - l*r - 4*g + 168 = 0, -4 = -4*g. What are the prime factors of r?
41
Suppose 0 = 5*k - 4*p - 37, -2*k + 19 = -2*p - p. Let w(g) = 11 + 4*g + g**3 - 3*g + 5*g**2 - 2*g**3. List the prime factors of w(k).
2
Let t(a) = a + 29. Let r(l) = l + 14. Let z(s) = 5*r(s) - 3*t(s). Let v be z(11). Suppose 0 = -0*k - v*k + 30. What are the prime factors of k?
2, 3
Suppose 42 = -2*r - 0. Let t = 53 + -77. Let c = r - t. What are the prime factors of c?
3
Let q(s) = -12*s + 11. Let h be q(-8). Let k = -19 + h. List the prime factors of k.
2, 11
List the prime factors of (50 - 4)*6/(60/215).
23, 43
Let i(l) be the third derivative of l**5/60 - l**4/24 + 3*l**3/2 - 6*l**2. What are the prime factors of i(0)?
3
Let b = 2 - -2. Suppose -3*u = -2*z + 4*z - 24, -b*u = 8. Suppose -g = 5*l - 193, -3*l - 3*g = -z - 108. What are the prime factors of l?
2, 19
What are the prime factors of 5/((-60)/(-429)) - 3/4?
5, 7
Let w(g) = g**2 + 16*g + 4. Let h(m) = m - 9. Let a be h(4). Let y(q) = -q**2 - 17*q - 5. Let r(k) = a*y(k) - 6*w(k). List the prime factors of r(-9).
19
Suppose 119 = -6*z + 929. List the prime factors of z.
3, 5
Let z(r) = 16 - 26 + 11*r + 16. What are the prime factors of z(10)?
2, 29
Let c(a) = -a**3 - 4*a**2 + 7*a + 2. Let h be c(-5). Suppose 5*m - 6*m = 0. List the prime factors of h - -33 - (m - -2).
23
Suppose 0 = 2*b - 4*n - 1066, n = 4 - 7. List the prime factors of b.
17, 31
Let y(o) = 129*o + 46. List the prime factors of y(5).
691
Suppose 7*a - 3*a = 0. Let h(z) = -2*z + 5. List the prime factors of h(a).
5
What are the prime factors of 6 + (9160/4 - 3)?
2293
Suppose -4*x + 17 + 7 = 0. Suppose 3*s + 191 = 2*t, s - x*s = -t + 92. List the prime factors of t.
97
Suppose 25*k - 18*k - 1687 = 0. What are the prime factors of k?
241
Suppose 0 = -21*w + 23*w - 8, 3*k + 3*w - 843 = 0. List the prime factors of k.
277
Suppose -j = -2*s + 2433, -2*j - 6084 = -5*s + 2*j. Suppose 5*k + 247 = m + 2*k, 5*m - s = -4*k. List the prime factors of m.
2, 61
Let s be (-874)/(-8) - (-18)/(-72). Let b = s + -76. List the prime factors of b.
3, 11
Let x = 14 - 25. Let t = x - -36. Let o = -14 + t. List the prime factors of o.
11
Let o be 0/(-2 - 4/(-4)). Suppose s + s - 98 = o. List the prime factors of s.
7
Let i = -24 + 26. Suppose -w = 3*b - 11, -2*w - i*b = -0*w - 22. Suppose 10 + w = 7*a. What are the prime factors of a?
3
Suppose -b + 19 - 4 = p, -4*p = -b + 20. List the prime factors of 1*b/(4 + -3).
2
Let v(f) = f**2 + 18*f + 3. Let z be v(-19). Suppose 7*a - 1777 = z. What are the prime factors of a?
257
Suppose 3*o = 2*h - 209, 2*h + 5*o + 9 = 210. Suppose g = -3*z - 86, 6 = g + 8. Let p = z + h. List the prime factors of p.
3, 5
Suppose 4*m + 332 - 4652 = 4*x, 5*m - 5418 = -4*x. List the prime factors of m.
2, 541
Suppose 19 = 5*s + a, -4*s + 2*a = 6 - 24. Suppose 5*i + 5*t - 5 = 0, -3*t - 2 - s = 0. Suppose 0 = i*n + 38 - 110. List the prime factors of n.
2, 3
Let i be (1/(-2))/((136/(-64))/(-17)). Let o(p) = 9*p**2 + 1 - p**2 - 3*p**2 - 6 - 4*p + p**3. What are the prime factors of o(i)?
3
Suppose -5*l = -o + 2 - 7, 4*l = 3*o - 40. List the prime factors of o.
2, 5
Let b(u) = -u**3 + 5*u**2 + 6*u + 8. Let w = 24 + -18. Let a be b(w). Suppose 55 = -a*f + 13*f. List the prime factors of f.
11
Suppose 27*z + 11471 = 50756. What are the prime factors of z?
3, 5, 97
Suppose 5*h - 16014 = 6641. What are the prime factors of h?
23, 197
Let m = 1869 + -706. What are the prime factors of m?
1163
Suppose -2*n - 10 = -7*n. Suppose -202 = -2*s - 2*s + n*g, 4*g = -5*s + 259. List the prime factors of s.
3, 17
Let j(v) = 3*v**2 + v + 8. List the prime factors of j(-4).
2, 13
Let b(g) = 293*g**2 + g. What are the prime factors of b(3)?
2, 3, 5, 11
Let n(k) = 2350*k - 13. What are the prime factors of n(1)?
3, 19, 41
Let q(i) = 3*i**2 + i. Let o be q(1). Suppose -2*a - 40 = 2*b - b, 3*b - o*a = -160. Let l = b + 72. List the prime factors of l.
2, 3
Let f(c) = -70*c - 5. Let g be f(-3). Let u = g - 134. Suppose -3*o = -4*r - 166, o = -r - 11 + u. What are the prime factors of o?
2, 29
Suppose -6*l = l - 14. Suppose 0 = 5*u + 3*q - 8*q - 705, -l*q = -2. What are the prime factors of u?
2, 71
Let x(t) = 37*t**2 - 2*t. Let y be x(2). Let n = 18 - 4. What are the prime factors of (-4)/14 + y/n?
2, 5
Let w = 827 - 567. List the prime factors of w.
2, 5, 13
Suppose 612 = 5*l - 503. What are the prime factors of l?
223
Let x(p) = 13*p - 2. Let q be x(4). Suppose q = -4*n + 182. What are the prime factors of 6/(-1 + n/24)?
2
Let q(u) = -u**2 + 11*u - 13. Let y be q(7). Let o = y + -145. Let n = -79 - o. What are the prime factors of n?
3, 17
Let b = -9 + 15. Let r(i) = 15 - 9*i - b*i - 13. What are the prime factors of r(-1)?
17
Suppose -23*m - 3*m + 5928 = 0. List the prime factors of m.
2, 3, 19
Suppose 2*b - n - 574 = 0, -2*b + 5*n = -651 + 85. What are the prime factors of b?
2, 3
Suppose -82*i = -72*i - 260. What are the prime factors of i?
2, 13
What are the prime factors of ((-981)/27 - -1)/(5/(-285))?
2, 19, 53
Suppose 4*h - 29 = -3*l, -37 = -5*h + 5*l + 8. Suppose 0 = -h*j + 4*j. Suppose j = -9*m + 12*m - 150. List the prime factors of m.
2, 5
Let i(q) = -q**2 - 8*q + 11. Suppose o - 8 = -3*l - o, -8 = 3*l - 2*o. Suppose l*j + 27 = -3*j. List the prime factors of i(j).
2
Let p(j) = -9*j**2 + 17*j + 24. Let b(w) = -5*w**2 + 8*w + 12. Let c be 1*(2 - (7 - -2)). Let r(f) = c*b(f) + 4*p(f). List the prime factors of r(12).
2, 3
Suppose 4*g = 5*s - 202, 0 = 5*g - 7*g - 6. What are the prime factors of (s + 3)/((-2)/(-4))?
2, 41
Suppose 3*x = -2*v - 2*v + 2981, 5*x + 728 = v. What are the prime factors of v?
743
Suppose 4 + 22 